mainder when c(-9) is divided by q(-1)?
10
Suppose 24 = 11*k - 9*k. Suppose -k = -l + 17. What is the remainder when 57 is divided by l?
28
Let d = 13 + -9. Let b be (6 + -4)/2 - -3. Suppose -54 = -b*k - 14. What is the remainder when k is divided by d?
2
Let t be 11240/30*(-18)/4. Let x = t + 774. What is the remainder when x/(-18) - 1/(-3) is divided by 13?
12
Suppose n = 2*n + 5*n. Let d(i) = i. Let j(g) = -8. Let c(k) = -d(k) - j(k). Calculate the remainder when 13 is divided by c(n).
5
Suppose -19*j + 12*j - 126 = 0. Let p = j + 29. Calculate the remainder when 142 is divided by p.
10
Suppose 28*j + 18 = 29*j. Calculate the remainder when j is divided by 4.
2
What is the remainder when 95 is divided by (-3)/(-5)*5 + (3 - -6)?
11
Let t = 25 - 21. Suppose 9 = z - t*s, 0 = -2*z + 5*z - 4*s - 11. What is the remainder when 90 is divided by ((-4)/(-8))/(z/62)?
28
Suppose 10*x + 31*x - 697 = 0. What is the remainder when 112 is divided by x?
10
Let q = 221 + -206. What is the remainder when 104 is divided by q?
14
Let q(s) = 17*s - 55. What is the remainder when 37 is divided by q(4)?
11
Suppose 6*r + 8 = 2*r + 4*x, -r - x = -8. Suppose -w + 5*s = 3, 0*w + r*w = 3*s + 51. Calculate the remainder when 64 is divided by w.
20
Let i(t) = 2*t**2 + 6*t + 6. Let o be i(-5). Suppose -8*c = -6*c - o. Suppose 8*m - c = 7*m. Calculate the remainder when 36 is divided by m.
10
Let l = 353 - 299. What is the remainder when l is divided by 23?
8
Let b(u) = -237*u - 21. What is the remainder when b(-1) is divided by 111?
105
Suppose p + 189 = 5*o - 3*o, 5*o + 2*p = 477. Suppose -3*t + 4 = s, s + 15*t = 20*t + 36. Calculate the remainder when o is divided by s.
15
Let q(f) = -1 - 5*f**3 + f + 4 - 3*f**3. What is the remainder when q(-2) is divided by 33?
32
Let o = -35 + 61. Let p(c) = -7*c - 19. Let h be p(-3). Suppose 5*m - h*u + 19 - 54 = 0, -15 = -3*u. Calculate the remainder when o is divided by m.
8
Let m(w) = -26*w - 34. Calculate the remainder when 59 is divided by m(-2).
5
Suppose -160 = -2*p - 3*m, -4*m + 351 = 4*p + 35. Calculate the remainder when 536 is divided by p.
74
Let c(u) = 2*u - 8. Let y be c(6). Suppose -57 - 192 = -5*l - 3*x, 198 = y*l + 2*x. What is the remainder when l is divided by 13?
9
Let g = 371 - 358. What is the remainder when 398 is divided by g?
8
Suppose 102 = 5*l - 3*j, 0 = 5*l + j - 171 + 65. What is the remainder when 37 is divided by l?
16
Suppose -68*m + 2385 = 617. Calculate the remainder when m is divided by 4.
2
What is the remainder when ((-1)/3)/((-2)/294) is divided by (-480)/(-18) + (-16)/24?
23
Suppose d - 11*p - 1864 = -16*p, 9320 = 5*d + 4*p. What is the remainder when d is divided by 5?
4
Suppose -24*v = -713 - 607. Calculate the remainder when 492 is divided by v.
52
Suppose 644*v - 633*v - 132 = 0. Calculate the remainder when v is divided by 3.
0
Let d = 121 + -68. Calculate the remainder when 57 is divided by d.
4
Calculate the remainder when 88 is divided by 1 - (2/(-17) + (-14092)/442).
22
Let k = 1 - -48. Let b = 137 + k. Calculate the remainder when b is divided by 47.
45
Let i = 6 - -32. Suppose 30 = 2*a - i. Let g(t) = t**3 - 14*t**2 + 6*t + 16. Calculate the remainder when g(14) is divided by a.
32
Suppose 49 = r - 2*i, -3*i + 49 = r + i. Suppose 3*l - 11 = -a, -3*a + r = 2*l + 16. What is the remainder when 65 is divided by a?
10
Suppose -12*s + 30 + 30 = 0. Suppose -2*r = 4, -s*r + 19 = -4*y + 209. What is the remainder when y is divided by 23?
22
Suppose 6*b + 308 = 10*b. Calculate the remainder when b is divided by 9.
5
Let r be (8/6)/(3/45). Let m = -16 + r. Suppose l = 99 - m. Calculate the remainder when l is divided by 24.
23
Let n = 12 - 7. Let u(p) = -p**2 + 12*p + 3. Let i be u(12). What is the remainder when -49*(-1)/i + 4/6 is divided by n?
2
Let s = -118 + 369. Calculate the remainder when s is divided by 64.
59
Let p = 38 - 22. Let a = -142 + 158. Suppose -a = 7*v - 51. What is the remainder when p is divided by v?
1
Let s(c) = -56*c - 278. Calculate the remainder when s(-11) is divided by 85.
83
Suppose -169 = -4*u + c, 0*c - 5*c - 107 = -2*u. Let b = u + -25. Calculate the remainder when 54 is divided by b.
6
Suppose 6*r - 40 = -2*f + 2*r, -4*f + 100 = -2*r. Calculate the remainder when 87 is divided by f.
15
Suppose -3*d = -5*k + 18, -d - 3*d + 5 = 3*k. Let w(b) = 10*b**2 - 5*b + 3. Let z = -60113 + 60133. What is the remainder when w(k) is divided by z?
18
Let n(y) be the first derivative of y**3/3 + y**2/2 + 1. Let r be n(0). Let u(d) = -d**3 + 12. Calculate the remainder when 45 is divided by u(r).
9
Let z(f) = -f**2 - f + 90. Calculate the remainder when 628 is divided by z(8).
16
Suppose 11 - 5 = -d. Let a = -1 - d. Calculate the remainder when 16 is divided by a.
1
Let p(d) = -d**3 - 3*d**2 - 6*d - 9. Let h be p(-5). Let n = h + -46. Calculate the remainder when n is divided by 13.
12
Suppose 3*t = 34 - 1. Suppose -6*p - t + 35 = 0. Suppose 4*b = -h + 47, p*b + 4*h = -b + 67. What is the remainder when 21 is divided by b?
10
Let f(m) = -2*m**3 + 5*m + 13. Suppose -4*s = -4*t + 4, -2*t - 5*s - 3 = 30. What is the remainder when f(t) is divided by 31?
28
Let h = -487 - -835. What is the remainder when h is divided by 50?
48
Let l = 36 - 36. Suppose -2*r = -l*r - v - 53, -6 = 2*v. Calculate the remainder when r is divided by ((-28)/5)/2*-5.
11
Let x(n) = n**2 + 10*n - 13. Let s be x(-6). Let w = 66 + s. Suppose w*b - 8 = 25*b. What is the remainder when 2 is divided by b?
0
Let k = -2224 - -2242. Let f be 1/((-1)/(-33)*-1). Let w = f + 67. What is the remainder when w is divided by k?
16
Let t = 2714 - 2684. What is the remainder when t is divided by 25?
5
Let w(p) = 4*p - 12. Let m = 94 + -78. What is the remainder when w(18) is divided by m?
12
Let o(q) = q**3 - 15*q**2 - 11*q + 181. Calculate the remainder when o(19) is divided by 29.
24
Suppose 21*h + 20*h = 164. Calculate the remainder when 43 is divided by h.
3
Let c(n) = 29*n + 4. Let v be c(-3). Let k = -62 - v. Calculate the remainder when k is divided by 4/14 - (-75)/7.
10
Suppose 0 = -5*s - r - 4 + 19, -r + 9 = 3*s. Suppose 4*a = -3*f + 133, -5*f - 2*a = -s*a - 260. Calculate the remainder when f is divided by 13.
12
Let b be (3/(-6))/(-1*(-1)/(-6)). Suppose -z + 8 = 3*z, 3*c = -b*z + 30. Calculate the remainder when 13 is divided by c.
5
Suppose -2*y + 8 = -y. Calculate the remainder when 10 is divided by 74/y - 54/(-72).
0
Let s = -336 + 349. What is the remainder when 21 is divided by s?
8
Suppose 4 + 16 = 2*a + 3*h, -8 = 2*a - 4*h. Suppose -a*v - 10 = -2*v. What is the remainder when (v - -42)/(0 - -1) is divided by 19?
18
Calculate the remainder when (-3316)/(-24) - 12/72 is divided by 14.
12
Suppose 5*s - 2*z = -31, -2*z = 4 - 10. Let j = s + 14. What is the remainder when 53 is divided by (-45)/15*-1*j?
26
Calculate the remainder when 193 is divided by (24/(-45))/(-4) - (-18955)/1275.
13
Let x be 0/4*(-1)/(-5). Suppose x = -2*f + 32 - 2. Suppose 0 = -4*q - q + 280. What is the remainder when q is divided by f?
11
Let p be (-3 - (-3 - 10))/2. Suppose 0 = -p*d - 3*r + 82, 0 = -4*d + 2*r + 90 - 20. Let v = d - 5. What is the remainder when 35 is divided by v?
11
Let k(q) = 3*q**2 - 4*q + 5. Let w be k(-4). Let g = w + -44. Calculate the remainder when 124 is divided by g.
24
Suppose -d + 4*d - 78 = -4*m, -4*m = -d + 10. Suppose 2*p = d + 56. What is the remainder when p is divided by (-30)/55 - 4480/(-308)?
11
Suppose -2*j - 3*j = -165. What is the remainder when (-2 + -1)*(-77)/j is divided by 3?
1
Suppose -3*u + 5*u - 3*t = -156, 3*u + 3*t = -249. Let d = -69 - u. Calculate the remainder when d is divided by 8.
4
Suppose 21*o = 4388 + 841. Calculate the remainder when o is divided by 64.
57
Calculate the remainder when 74 is divided by 77/3 - (4 + (-91)/21).
22
Let n = -427 + 717. Suppose -5*m + n + 300 = 0. Calculate the remainder when m is divided by (-48)/(-60) + 146/5.
28
Let u = 20 + -18. Suppose -w + 4*z - 84 = 0, 4*w - u*z + 252 = -7*z. Let a = -31 - w. What is the remainder when a is divided by 13?
11
Let b = -26 + 77. Suppose 45 + b = -4*z. Calculate the remainder when 16 is divided by (-213)/z + 5/40.
7
Suppose 3*k = -n + 20, 2*n - 16 + 1 = -k. Suppose -4*b - 58 = -n*i, -4*b = -0*i + 2*i - 12. Sup